t common divisor of 60 and k?
20
Let o be 2*(1 - 31*-1). Suppose 0 = -5*p + l + 16, 6*l = 4*p + 2*l. What is the highest common divisor of o and p?
4
Suppose -2*w + 75 = 3*w. Let s be (-270)/(-4)*(-19)/(285/(-10)). What is the greatest common factor of w and s?
15
Suppose 0*w - 74 = -4*g - 3*w, -w = 3*g - 58. Let s be (6/(-12))/((-1)/2). Let p = g + s. Calculate the highest common factor of 84 and p.
21
Let x(c) = -32*c - 110. Let i be x(-10). What is the greatest common divisor of i and 560?
70
Suppose -4*i + 7 = -13. Let g be 14/112 + 398/16. Calculate the greatest common divisor of g and i.
5
Let v = 12 - 10. Suppose -4 = -v*a - 16. Let q(o) = -5*o - 6. Let u be q(a). What is the greatest common divisor of u and 12?
12
Suppose 3*u - 17 = 5*i - 126, 4*u - 88 = -5*i. Calculate the greatest common divisor of i and 740.
20
Suppose a = 27 - 25. Let z be (-1116)/8*a/(-3). Suppose 0 = -3*n - 9 + z. What is the highest common factor of 252 and n?
28
Let x(b) = -9*b + 2. Let p be x(-6). Let u be (6*56/(-21))/((-10)/15). What is the highest common factor of p and u?
8
Let u(b) = b**3 - 3*b**2 - 12*b + 8. Let f be u(6). Suppose -2*k = -4*v - 6, 3 = -4*v + k - 8. Let x = f + v. Calculate the highest common divisor of 8 and x.
8
Let r be (1083/4)/((-296)/64 - -5). What is the highest common factor of r and 19?
19
Suppose 3*c + 47 = 2*w, -4*w + 68 = c - 5. Suppose 63 = y + w. Let f = y - 36. What is the greatest common factor of 4 and f?
4
Suppose 4*s + 21 = d, -2*d - 3*d + 4*s + 41 = 0. Suppose -d*f + 16 = -3*f. Let r(g) = -g + 38. Let q be r(6). What is the highest common factor of f and q?
8
Let q(o) = o**3 - 9*o**2 - 2*o - 13. Let r be q(9). Let v = 55 + r. Let f = 34 - -38. What is the highest common factor of v and f?
24
Let w(d) = -13*d - 75. Let f be w(-6). Suppose -3*o + f*x + 348 = o, 2*o - 3*x = 174. Calculate the greatest common factor of 29 and o.
29
Suppose -5*p = -n + 576, -2*p - 37 - 175 = -5*n. Let d = -63 - p. Suppose 6*i - d - 7 = 0. What is the highest common factor of i and 25?
5
Suppose 3*b - 14 = g - 6, 0 = -2*b + 4*g + 12. What is the highest common divisor of b and 52?
2
Let l(o) = 17*o**2 - 6*o - 1. Let s be l(1). What is the greatest common factor of 470 and s?
10
Let a = 39 - 24. Calculate the greatest common factor of a and 65.
5
Let i(x) = x**3 + 9*x**2 - 5*x - 6. Let v be i(-3). Calculate the highest common divisor of 21 and v.
21
Suppose 0 = -6*y + 16*y - 7030. What is the highest common divisor of 19 and y?
19
Suppose 0 = -58*d + 79*d - 588. Calculate the greatest common divisor of 196 and d.
28
Let p(l) = -l**3 - 12*l**2 - 2*l - 11. Let h be p(-12). Calculate the greatest common divisor of 143 and h.
13
Suppose 4*m - 89 = -5*h, m = 3*h - 8*h + 101. Let q(w) = -w**3 - 7*w**2 + 8*w + 15. Let v be q(-9). What is the highest common divisor of h and v?
21
Suppose -3*n + 60 = 2*t, 3 = -3*t + 4*t. Suppose -7*f = -446 - 58. Calculate the highest common factor of f and n.
18
Let i be (56/(-6))/(3/27). Let m = 16 - i. Calculate the highest common factor of m and 20.
20
Suppose -5*p = -5, -d - d - 5*p = 67. Let i = 43 + d. What is the highest common divisor of 7 and i?
7
Let o(t) = -t**2 + 4*t + 24. Let x be o(-3). Suppose -19 - 8 = -x*w. What is the greatest common divisor of 54 and w?
9
Let r = 55 - 41. Suppose -u + 21 = -r. What is the highest common divisor of u and 5?
5
Suppose 8*y - 154 = 7*y. Let x = 7 + -5. Suppose -11 - 33 = -x*g. What is the highest common factor of y and g?
22
Let h = 1236 - 431. Calculate the highest common factor of 460 and h.
115
Suppose 18 = y + 3*z, -3*y - 2*z + 19 = -0. What is the highest common factor of y and 96?
3
Suppose 4*h - 2*r = 10, 5*r - 3*r = -2. Let s be ((-40)/16)/(h/(1 + -13)). What is the greatest common divisor of 15 and s?
15
Suppose -3*r + 0*g + 4 = 2*g, -g - 1 = 0. Suppose -q + 2 = q, -2*q = -r*v + 70. Calculate the highest common divisor of v and 12.
12
Let p(o) = -5*o - 13. Let w = -39 - -25. Let f be p(w). What is the greatest common divisor of 19 and f?
19
Let p be -15 + (-14 - -18) - -44. Let i be 10/(-15) - (-11)/3. What is the highest common factor of i and p?
3
Suppose 0 = -4*p + 2*p + 170. Calculate the highest common factor of p and 680.
85
Suppose 0 = -3*p + 4*i + 36, 0*i - 15 = -3*p - 3*i. Suppose 4*h = p*h + 188. Let c = h + 83. What is the highest common divisor of c and 18?
18
Suppose 72 = m - 4*r, 4*r - 117 = -3*m - 29. Let d(g) = g**2 + 7*g + 4. Let n be d(-6). Let o = n + 12. What is the greatest common divisor of m and o?
10
Let k be 372/21 - 4/(-14). Let o be 13/2 + 3/2. Let x = 19 + o. Calculate the greatest common divisor of k and x.
9
Let v be 66/(-8)*(-8)/3. Let f = -11 + v. What is the highest common factor of 77 and f?
11
Let j = -938 + 962. Calculate the greatest common divisor of j and 1896.
24
Let h = 19 + -28. Let m = -11 - h. Let p = 5 + m. What is the greatest common factor of 18 and p?
3
Let v be ((-18)/(-8) - 1) + 3/(-12). Let t be 42/(0 - -2)*v. Let x = -10 - -17. What is the greatest common factor of t and x?
7
Suppose -2*f + 5*h - 46 = 0, 2*f + 3*h + 23 = f. Let x = f + 44. Calculate the highest common factor of x and 231.
21
Let z(g) = -g**3 - 57*g**2 + 55*g - 158. Let w be z(-58). What is the greatest common factor of w and 152?
8
Suppose 161*b - 256 = 157*b. What is the highest common factor of b and 8?
8
Suppose 2787*z = 2782*z + 990. Calculate the highest common factor of 42 and z.
6
Let g(p) = -p + 11. Let d(k) = -k**2 + 15*k + 20. Let u be d(16). Let v be g(u). What is the greatest common divisor of 7 and v?
7
Suppose 3*x - 5*i - 59 = -4*i, 3*x + 5*i = 83. Let n be (-9)/(-4)*56/x. What is the greatest common divisor of n and 36?
6
Let v be (-1)/2 - (-45)/2. Let g = 26 - v. What is the highest common factor of g and 36?
4
Suppose 5*r - 8 = r - 4*m, -5*r + 5*m = -10. Suppose 4*t = r*t. Let p be 3 + -4 + (t - -3). What is the greatest common divisor of p and 2?
2
Let f = 529 - 343. Suppose -3*p + 555 = f. Calculate the greatest common divisor of 82 and p.
41
Suppose 5*d = x - 13, 4*x + 0*x - 67 = 5*d. Let l = 20 - -70. Calculate the highest common divisor of l and x.
18
Let v be (477 + 6 - 3) + 6. What is the highest common divisor of v and 18?
18
Let o(d) = -d**3 + 7*d**2 - d + 53. Let t be o(7). Calculate the greatest common divisor of t and 92.
46
Let h = 8 - 39. Let m = -36 + 71. Let u = h + m. Calculate the highest common factor of u and 10.
2
Suppose 4*y = -q - 47 + 83, -3*q = 4*y - 116. What is the highest common factor of q and 1240?
40
Let b = -7 + 14. Let o be (10/b)/((-4)/(-56)). Suppose -4*y + 26 = 2*k, -11 = -3*k - 3*y + 16. What is the greatest common divisor of k and o?
5
Let d(x) = 2*x + 2. Let w be d(4). Suppose 2*n - m - 185 = -n, -2*m - w = 0. Let k = -393 - -417. Calculate the greatest common factor of k and n.
12
Suppose -657 - 593 = -25*c. Calculate the highest common factor of c and 125.
25
Suppose -5*d + 16 + 8 = 4*l, -17 = -3*d - 5*l. Suppose -d*s - 37 = -453. Suppose 4*j - 72 = -20. Calculate the highest common factor of j and s.
13
Let c = 34 + -26. Suppose 2*i - 48 + c = 0. Let k be 13 + -1 - (2 - 0). Calculate the highest common factor of i and k.
10
Suppose w - 2*g - 144 = 0, w - 134 = -0*w + 4*g. Let y = -29276 - -29290. Calculate the highest common divisor of w and y.
14
Let h be (-14)/(-10) - (13/(-5) - -2). Let j(t) = 5*t**2 - 3*t + 3. Let n be j(h). What is the greatest common factor of 17 and n?
17
Suppose 0*h + 2*z = -2*h + 12, 4*h - 29 = -5*z. Let v be 582/8 + ((-3)/4)/h. Calculate the greatest common factor of v and 24.
24
Suppose -31*k - 644 = -77*k. Calculate the greatest common divisor of 154 and k.
14
Suppose 2*f - 51 = -3*l, 3 = -6*l + 7*l. Calculate the greatest common factor of 91 and f.
7
Let p(a) = 4*a - 40. Let t be ((-1)/3)/(-1 + (-304)/(-312)). Let y be p(t). What is the greatest common factor of 48 and y?
12
Let a(b) = -4*b + 5. Let i be a(0). Suppose 5*c + i*t = 600, -4*c + 7*c + t = 366. Calculate the highest common factor of 41 and c.
41
Let k = 3218 + -2497. What is the greatest common divisor of 309 and k?
103
Let m be (-2)/4*(-9 + -13). Suppose 4*h = 43 - m. What is the highest common factor of h and 6?
2
Suppose -4*b + 662 = -f - 677, -2*b + 657 = -3*f. Suppose 4*i + b = 7*i. 